{"id":347,"date":"2017-10-02T23:12:33","date_gmt":"2017-10-02T23:12:33","guid":{"rendered":"http:\/\/mo-informatique.fr\/?page_id=347"},"modified":"2025-03-13T19:24:36","modified_gmt":"2025-03-13T19:24:36","slug":"partenaires","status":"publish","type":"page","link":"https:\/\/mo-informatique.fr\/?page_id=347","title":{"rendered":"Partenaires &#8211; La confiance collaborative"},"content":{"rendered":"\n<p>Nos partenaires sont bien au-del\u00e0 des st\u00e9r\u00e9otypes traditionnels du \u00ab\u00a0business&nbsp;model\u00a0\u00bb. Ils sont notre r\u00e9seau tout comme nous sommes le leur et nous permettent de vous proposer des gammes de services encore bien plus vastes que celles que nous mettons \u00e0 votre disposition.<\/p>\n\n\n\n<p>Parce que nous pouvons compter sur eux, vous le pouvez aussi !<\/p>\n\n\n\n<figure class=\"wp-block-image size-large is-resized\"><a href=\"https:\/\/philippebitaneformations.fr\/\" target=\"_blank\" rel=\" noreferrer noopener\"><img loading=\"lazy\" decoding=\"async\" width=\"141\" height=\"94\" src=\"https:\/\/mo-informatique.fr\/wp-content\/uploads\/2021\/12\/Philippe-Bitane.png\" alt=\"\" class=\"wp-image-364\" style=\"width:141px;height:auto\"\/><\/a><\/figure>\n\n\n\n<p><\/p>\n","protected":false},"excerpt":{"rendered":"<p>Nos partenaires sont bien au-del\u00e0 des st\u00e9r\u00e9otypes traditionnels du \u00ab\u00a0business&nbsp;model\u00a0\u00bb. Ils sont notre r\u00e9seau tout comme nous sommes le leur et nous permettent de vous proposer des gammes de services encore bien plus vastes que celles que nous mettons \u00e0 votre disposition. Parce que nous pouvons compter sur eux, vous le pouvez aussi !<\/p>\n","protected":false},"author":1,"featured_media":0,"parent":0,"menu_order":0,"comment_status":"closed","ping_status":"closed","template":"","meta":{"footnotes":""},"class_list":["post-347","page","type-page","status-publish","hentry"],"_links":{"self":[{"href":"https:\/\/mo-informatique.fr\/index.php?rest_route=\/wp\/v2\/pages\/347","targetHints":{"allow":["GET"]}}],"collection":[{"href":"https:\/\/mo-informatique.fr\/index.php?rest_route=\/wp\/v2\/pages"}],"about":[{"href":"https:\/\/mo-informatique.fr\/index.php?rest_route=\/wp\/v2\/types\/page"}],"author":[{"embeddable":true,"href":"https:\/\/mo-informatique.fr\/index.php?rest_route=\/wp\/v2\/users\/1"}],"replies":[{"embeddable":true,"href":"https:\/\/mo-informatique.fr\/index.php?rest_route=%2Fwp%2Fv2%2Fcomments&post=347"}],"version-history":[{"count":9,"href":"https:\/\/mo-informatique.fr\/index.php?rest_route=\/wp\/v2\/pages\/347\/revisions"}],"predecessor-version":[{"id":377,"href":"https:\/\/mo-informatique.fr\/index.php?rest_route=\/wp\/v2\/pages\/347\/revisions\/377"}],"wp:attachment":[{"href":"https:\/\/mo-informatique.fr\/index.php?rest_route=%2Fwp%2Fv2%2Fmedia&parent=347"}],"curies":[{"name":"wp","href":"https:\/\/api.w.org\/{rel}","templated":true}]}}