{"id":2,"date":"2016-05-10T03:48:21","date_gmt":"2016-05-10T03:48:21","guid":{"rendered":"http:\/\/mo-informatique.fr\/?page_id=2"},"modified":"2023-06-12T18:18:23","modified_gmt":"2023-06-12T18:18:23","slug":"sample-page","status":"publish","type":"page","link":"https:\/\/mo-informatique.fr\/","title":{"rendered":"MO Informatique, Cr\u00e9ateur de solutions depuis 2011"},"content":{"rendered":"<p><strong>MO Informatique<\/strong>&nbsp;est une&nbsp;soci\u00e9t\u00e9 de Support Informatique&nbsp;de proximit\u00e9, adaptable, souple et r\u00e9active, qui met son expertise technique \u00e0 votre disposition que vous soyez une Association, une TPE, une PME ou un Particulier.<\/p>\n<p>Centr\u00e9e autour de l\u2019humain, <strong>MO Informatique<\/strong> int\u00e8gre totalement&nbsp;vos sp\u00e9cificit\u00e9s&nbsp;pour vous apporter le meilleur du service en mati\u00e8re d\u2019informatique et \u00e0 des co\u00fbts adapt\u00e9s \u00e0&nbsp;vos budgets.<\/p>\n<p>\u200bAussi nous vous proposons une gamme de prestations qui couvre l\u2019assistance, le conseil, l\u2019int\u00e9gration ou la dotation mat\u00e9rielle (PC de bureau, PC portables, P\u00e9riph\u00e9riques, Logiciels \u2026), l\u2019\u00e9volution de parc ou d\u2019ordinateur, la r\u00e9seautique, la maintenance corrective et pr\u00e9ventive, l\u2019infog\u00e9rance ainsi que la formation, ce qui vous permet de vous adresser \u00e0 un seul et unique prestataire de service.<\/p>\n<p>Une question, un besoin, un conseil ?<\/p>\n<p>Contactez-nous au&nbsp;<strong>01 39 52 83 88<\/strong>.<\/p>\n<p><!-- {\"length\":13334,\"hash\":\"96084da5346bff97156a91ae0f3383ce\"} --><\/p>\n","protected":false},"excerpt":{"rendered":"<p>MO Informatique&nbsp;est une&nbsp;soci\u00e9t\u00e9 de Support Informatique&nbsp;de proximit\u00e9, adaptable, souple et r\u00e9active, qui met son expertise technique \u00e0 votre disposition que vous soyez une Association, une TPE, une PME ou un Particulier. Centr\u00e9e autour de l\u2019humain, MO Informatique int\u00e8gre totalement&nbsp;vos sp\u00e9cificit\u00e9s&nbsp;pour vous apporter le meilleur du service en mati\u00e8re d\u2019informatique et \u00e0 des co\u00fbts adapt\u00e9s \u00e0&nbsp;vos &hellip; <\/p>\n<p class=\"link-more\"><a href=\"https:\/\/mo-informatique.fr\/\" class=\"more-link\">Continuer la lecture<span class=\"screen-reader-text\"> de &laquo;&nbsp;MO Informatique, Cr\u00e9ateur de solutions depuis 2011&nbsp;&raquo;<\/span><\/a><\/p>\n","protected":false},"author":1,"featured_media":0,"parent":0,"menu_order":0,"comment_status":"closed","ping_status":"closed","template":"","meta":{"footnotes":""},"class_list":["post-2","page","type-page","status-publish","hentry"],"_links":{"self":[{"href":"https:\/\/mo-informatique.fr\/index.php?rest_route=\/wp\/v2\/pages\/2","targetHints":{"allow":["GET"]}}],"collection":[{"href":"https:\/\/mo-informatique.fr\/index.php?rest_route=\/wp\/v2\/pages"}],"about":[{"href":"https:\/\/mo-informatique.fr\/index.php?rest_route=\/wp\/v2\/types\/page"}],"author":[{"embeddable":true,"href":"https:\/\/mo-informatique.fr\/index.php?rest_route=\/wp\/v2\/users\/1"}],"replies":[{"embeddable":true,"href":"https:\/\/mo-informatique.fr\/index.php?rest_route=%2Fwp%2Fv2%2Fcomments&post=2"}],"version-history":[{"count":58,"href":"https:\/\/mo-informatique.fr\/index.php?rest_route=\/wp\/v2\/pages\/2\/revisions"}],"predecessor-version":[{"id":371,"href":"https:\/\/mo-informatique.fr\/index.php?rest_route=\/wp\/v2\/pages\/2\/revisions\/371"}],"wp:attachment":[{"href":"https:\/\/mo-informatique.fr\/index.php?rest_route=%2Fwp%2Fv2%2Fmedia&parent=2"}],"curies":[{"name":"wp","href":"https:\/\/api.w.org\/{rel}","templated":true}]}}