{"id":138,"date":"2017-09-24T19:58:18","date_gmt":"2017-09-24T19:58:18","guid":{"rendered":"http:\/\/mo-informatique.fr\/?page_id=138"},"modified":"2017-09-26T06:34:29","modified_gmt":"2017-09-26T06:34:29","slug":"mo-informatique-services-aux-particuliers","status":"publish","type":"page","link":"https:\/\/mo-informatique.fr\/?page_id=138","title":{"rendered":"Services aux particuliers &#8211; De vraies solutions techniques \u00e0 des probl\u00e8mes humains"},"content":{"rendered":"<p><strong><img loading=\"lazy\" decoding=\"async\" class=\"size-thumbnail wp-image-209 alignleft\" src=\"https:\/\/mo-informatique.fr\/wp-content\/uploads\/2016\/05\/D\u00e9pannage-dom3-150x150.png\" alt=\"\" width=\"150\" height=\"150\" srcset=\"https:\/\/mo-informatique.fr\/wp-content\/uploads\/2016\/05\/D\u00e9pannage-dom3-150x150.png 150w, https:\/\/mo-informatique.fr\/wp-content\/uploads\/2016\/05\/D\u00e9pannage-dom3-180x180.png 180w, https:\/\/mo-informatique.fr\/wp-content\/uploads\/2016\/05\/D\u00e9pannage-dom3-100x100.png 100w, https:\/\/mo-informatique.fr\/wp-content\/uploads\/2016\/05\/D\u00e9pannage-dom3.png 200w\" sizes=\"auto, (max-width: 150px) 100vw, 150px\" \/>D\u00e9pannage sur PC et Mac<\/strong><\/p>\n<p>Votre ordinateur ne d\u00e9marre plus ? Votre \u00e9cran reste noir ou affiche d\u2019\u00e9tranges symboles clignotants ? Il fait un bruit plut\u00f4t bizarre ? Il \u00e9met des bips stridents \u00e0 l\u2019allumage ? Vous avez un \u00e9cran bleu au d\u00e9marrage ? Il red\u00e9marre sans raison ? Il est infect\u00e9 par un virus ? Il est tr\u00e8s lent ? Vous n\u2019arrivez plus \u00e0 vous connecter \u00e0 Internet ? Vous ne pouvez plus acc\u00e9der \u00e0 vos donn\u00e9es ? Vous avez effac\u00e9 par m\u00e9garde des fichiers importants ? Vous avez perdu vos mots de passe ?<\/p>\n<p>Soit nous intervenons chez vous rapidement apr\u00e8s votre appel, soit vous nous d\u00e9posez votre mat\u00e9riel \u00e0 notre atelier apr\u00e8s avoir pris rendez-vous. Dans un cas comme dans l\u2019autre, nous effectuons un diagnostic et dressons un devis pour que vous sachiez la nature du probl\u00e8me, le type de r\u00e9paration et son co\u00fbt. Nous vous proposons trois types de prestations selon la gravit\u00e9 du probl\u00e8me rencontr\u00e9 :<\/p>\n<ul>\n<li>Une assistance \u00e0 domicile pour les incidents mineurs<\/li>\n<li>Le d\u00e9pannage en atelier pour les pannes majeures<\/li>\n<li>Une t\u00e9l\u00e9assistance via le logiciel Teamviewer<\/li>\n<\/ul>\n<p>&nbsp;<\/p>\n<p><img loading=\"lazy\" decoding=\"async\" class=\"size-thumbnail wp-image-205 alignleft\" src=\"https:\/\/mo-informatique.fr\/wp-content\/uploads\/2016\/05\/Installation3-150x150.png\" alt=\"\" width=\"150\" height=\"150\" srcset=\"https:\/\/mo-informatique.fr\/wp-content\/uploads\/2016\/05\/Installation3-150x150.png 150w, https:\/\/mo-informatique.fr\/wp-content\/uploads\/2016\/05\/Installation3-180x180.png 180w, https:\/\/mo-informatique.fr\/wp-content\/uploads\/2016\/05\/Installation3-100x100.png 100w, https:\/\/mo-informatique.fr\/wp-content\/uploads\/2016\/05\/Installation3.png 200w\" sizes=\"auto, (max-width: 150px) 100vw, 150px\" \/><\/p>\n<p><strong>Installation<\/strong><\/p>\n<p>Que vous veniez d&rsquo;acqu\u00e9rir un nouveau mat\u00e9riel informatique, Internet, Domotique et Multim\u00e9dia ou que vous changiez de domicile et avez besoin de r\u00e9installer tous vos \u00e9quipements, faites appel \u00e0\u00a0<strong>MO Informatique<\/strong>\u00a0pour vous assister dans ces t\u00e2ches trop souvent longues et\u00a0fastidieuses.<\/p>\n<p>\u200bNous mettons notre expertise \u00e0 votre service pour vous assurer une installation dans les meilleures conditions et au plus vite, dans le respect de vos contraintes.<\/p>\n<p>Nous vous proposons un tarif horaire qui peut \u00e9voluer vers un forfait demi-journ\u00e9e selon la charge de travail. Pour en savoir plus n&rsquo;h\u00e9sitez pas \u00e0 nous contacter par t\u00e9l\u00e9phone ou par mail.<\/p>\n<p>&nbsp;<\/p>\n<p><img loading=\"lazy\" decoding=\"async\" class=\"size-thumbnail wp-image-207 alignleft\" src=\"https:\/\/mo-informatique.fr\/wp-content\/uploads\/2016\/05\/Apprentissage3-150x150.png\" alt=\"\" width=\"150\" height=\"150\" srcset=\"https:\/\/mo-informatique.fr\/wp-content\/uploads\/2016\/05\/Apprentissage3-150x150.png 150w, https:\/\/mo-informatique.fr\/wp-content\/uploads\/2016\/05\/Apprentissage3-180x180.png 180w, https:\/\/mo-informatique.fr\/wp-content\/uploads\/2016\/05\/Apprentissage3-100x100.png 100w, https:\/\/mo-informatique.fr\/wp-content\/uploads\/2016\/05\/Apprentissage3.png 200w\" sizes=\"auto, (max-width: 150px) 100vw, 150px\" \/><\/p>\n<p><strong>Apprentissage<\/strong><\/p>\n<p>Vous en avez assez de ne pas utiliser votre ordinateur correctement et de devoir demander \u00e0 votre entourage de faire ce que vous n\u2019arrivez pas \u00e0 r\u00e9aliser\u00a0? Fa\u00eetes le choix de devenir autonome et de vous mettre \u00e0 la page informatique\u00a0!<\/p>\n<p>\u200bNous mettons notre expertise \u00e0 votre service pour vous apprendre \u00e0 utiliser votre machine et vos logiciels\u00a0! Nous vous proposons des modules th\u00e9matiques de 2 ou 3 heures qui vous permettront d\u2019\u00eatre rapidement autonome sur votre mat\u00e9riel qu\u2019il s\u2019agisse d\u2019un ordinateur ou d\u2019une tablette.<\/p>\n<p>Nous vous proposons un tarif forfaitaire au module\u00a0; pour en savoir plus n&rsquo;h\u00e9sitez pas \u00e0 nous contacter par t\u00e9l\u00e9phone ou par mail.<\/p>\n<p>&nbsp;<\/p>\n<p><!-- {\"length\":6494,\"hash\":\"1f7b12cd96a50755820c0a2d541b9d72\"} --><\/p>\n","protected":false},"excerpt":{"rendered":"<p>D\u00e9pannage sur PC et Mac Votre ordinateur ne d\u00e9marre plus ? Votre \u00e9cran reste noir ou affiche d\u2019\u00e9tranges symboles clignotants ? Il fait un bruit plut\u00f4t bizarre ? Il \u00e9met des bips stridents \u00e0 l\u2019allumage ? Vous avez un \u00e9cran bleu au d\u00e9marrage ? Il red\u00e9marre sans raison ? Il est infect\u00e9 par un virus &hellip; <\/p>\n<p class=\"link-more\"><a href=\"https:\/\/mo-informatique.fr\/?page_id=138\" class=\"more-link\">Continuer la lecture<span class=\"screen-reader-text\"> de &laquo;&nbsp;Services aux particuliers &#8211; De vraies solutions techniques \u00e0 des probl\u00e8mes humains&nbsp;&raquo;<\/span><\/a><\/p>\n","protected":false},"author":1,"featured_media":0,"parent":0,"menu_order":0,"comment_status":"closed","ping_status":"closed","template":"","meta":{"footnotes":""},"class_list":["post-138","page","type-page","status-publish","hentry"],"_links":{"self":[{"href":"https:\/\/mo-informatique.fr\/index.php?rest_route=\/wp\/v2\/pages\/138","targetHints":{"allow":["GET"]}}],"collection":[{"href":"https:\/\/mo-informatique.fr\/index.php?rest_route=\/wp\/v2\/pages"}],"about":[{"href":"https:\/\/mo-informatique.fr\/index.php?rest_route=\/wp\/v2\/types\/page"}],"author":[{"embeddable":true,"href":"https:\/\/mo-informatique.fr\/index.php?rest_route=\/wp\/v2\/users\/1"}],"replies":[{"embeddable":true,"href":"https:\/\/mo-informatique.fr\/index.php?rest_route=%2Fwp%2Fv2%2Fcomments&post=138"}],"version-history":[{"count":12,"href":"https:\/\/mo-informatique.fr\/index.php?rest_route=\/wp\/v2\/pages\/138\/revisions"}],"predecessor-version":[{"id":265,"href":"https:\/\/mo-informatique.fr\/index.php?rest_route=\/wp\/v2\/pages\/138\/revisions\/265"}],"wp:attachment":[{"href":"https:\/\/mo-informatique.fr\/index.php?rest_route=%2Fwp%2Fv2%2Fmedia&parent=138"}],"curies":[{"name":"wp","href":"https:\/\/api.w.org\/{rel}","templated":true}]}}